40*d + 53. Let p(i) = -4*r(i) - 5*u(i). Calculate p(11).
-149
Let s be (-1)/(-3) - (-388)/(-12). Let z(w) = w**2 + 28*w - 114. Determine z(s).
14
Let i(a) = -7*a + 23291*a**3 - 23292*a**3 + 3*a. Calculate i(-4).
80
Let f = 511 + -292. Let w(l) = -444*l + f*l + 2 + 223*l. What is w(6)?
-10
Let r(u) be the second derivative of 0 - 1/6*u**3 - 2*u - 11/2*u**2. Let s(p) = 24*p**2 + 697*p + 24. Let n be s(-29). Give r(n).
-6
Let f(r) = r - 1. Let h = -22 - -24. Suppose c + h*o = 29 + 7, 2*o = 2*c - 48. Let d = 33 - c. What is f(d)?
4
Let t(a) = -5*a + 19. Let v be t(0). Let k = v + 5. Let s = k - 21. Let d(y) = -4*y - 4. What is d(s)?
-16
Let n(q) = 12*q + 8. Let p(j) = 1 - 7 - 7 + 5 - 14*j. Let y(f) = -6*n(f) - 5*p(f). Determine y(-6).
4
Let f(w) be the first derivative of -w**4/4 - 20*w**3/3 + 19*w**2/2 - 39*w + 1127. Determine f(-21).
3
Let a(p) = -2*p + 5. Let h(v) = v - 3. Let j(y) = -4*a(y) - 7*h(y). Suppose -3*q + 2*d + 20 = 0, 8*q - 4*q + 2*d = 36. Calculate j(q).
9
Let b(d) be the first derivative of -9*d**2/2 - 226*d - 2679. Give b(-26).
8
Suppose -128 = -9*n - 23*n. Let x(p) be the first derivative of -p**3/3 - 2*p**2 - p - 325. What is x(n)?
-33
Let z(q) be the first derivative of -14*q - 111. Let b(f) = -f - 71. Let p be (-1)/(-3) - 14/6. Let u(m) = p*b(m) + 11*z(m). What is u(8)?
4
Let c(n) = -2*n**2 + n + 21. Let m(a) = -20*a**2 + 341*a - 17. Let t be m(17). What is c(t)?
21
Let t(l) = l**3 + 4*l**2 + 2*l + 2. Let x(b) = 4*b + 13. Let r(a) = a + 2. Let u(m) = 5*r(m) - x(m). Let d be u(0). Determine t(d).
5
Let h(v) = -3*v**2 + 35*v. Let k(n) = -19*n**2 + 200*n - 3. Let c(j) = 6*h(j) - k(j). Calculate c(-10).
3
Let w(k) be the first derivative of 10*k**3/3 - k**2/2 - 805. Suppose 1 = 4*v + t, 18 = 2*v + 5*t - 5. Determine w(v).
11
Suppose -10 = -3*o - 4*l + 3, -3*o + 3*l = -6. Let w(x) = -4*x - 1 + 0*x**o + x**3 + 5*x**2 - 2*x**2 - 2*x**2. What is w(-3)?
-7
Let d(t) be the third derivative of t**5/60 + 5*t**4/12 - 5*t**3/3 - 2*t**2 - 3384*t. What is d(-9)?
-19
Suppose 5*m + 42 + 273 = 0. Let b = -5 - m. Suppose 4*y + b - 18 = 0. Let w(n) = n**2 + 10*n - 3. Calculate w(y).
-3
Let l(r) = 11*r + 28. Let d be 0 - -1 - 42/(-9)*324/(-378). Give l(d).
-5
Let w(r) be the third derivative of -r**6/120 - r**5/20 + r**4/12 - 86*r**2 + 3*r. Let u = 59 + -57. Determine w(u).
-16
Let a(h) = 169*h - 676. Let n = 11059 + -11055. Determine a(n).
0
Let a(y) = -116*y**2 + 195*y**2 + 20*y + 47 - 80*y**2. Determine a(22).
3
Suppose -2*i = -t - 254, -381 = -3*i - 11*t + 6*t. Suppose 4 = s, 122 = 3*u + 2*s - 315. Suppose -2*o - i = -u. Let a(k) = -k**3 + 7*k**2 + 9*k - 5. Give a(o).
3
Let x(d) = -d**3 + 11*d**2 + 4. Let c be (-600)/(-6) + 7 + -7. Suppose 121 = -c*a + 111*a. Give x(a).
4
Suppose 72*m = 69*m - 6. Let s = 16 + m. Let u be 64/56 - 2/s. Let x(r) = -4*r**2 + r - 1. What is x(u)?
-4
Let t(l) = -l**3 - l. Let v(n) = n**3 - 18*n**2 - 39*n - 25. Let c be v(20). Let s be -3 - ((-5)/(-1))/(c + 4). Suppose -k = 2*k + s*k. Give t(k).
0
Let d(p) = p + 1. Suppose 25 = 5*u - 5. Let f(r) = -2*r**3 + 10*r**2 + 47*r - 233. Let y be f(5). Suppose -13 = 3*z - u*z - 5*b, y*b + 2 = 0. What is d(z)?
7
Let t = -14066 - -14058. Let o(m) = m - 16. Determine o(t).
-24
Let f(c) = -c**3 + 17*c**2 - 42*c - 4. Let a = 9087 + -9073. Give f(a).
-4
Let i(b) = 3 - 14 - 2*b**2 - 7 - 1589411*b + 1589384*b. Calculate i(-13).
-5
Suppose 16*w = -v + 19*w + 12, -2*v + 4*w + 18 = 0. Let j(l) = -9*l + 9. Determine j(v).
-18
Let m(i) be the first derivative of i**4/4 - 2*i**3/3 - i**2/2 - 7*i - 724. Calculate m(5).
63
Suppose 46 = -0*h + 5*h - 4*o, -2*o - 2 = h. Let u(d) = 2*d**2 - 2*d - 4. What is u(h)?
56
Let q(z) be the third derivative of 0*z + 0 + 1/60*z**5 + 1/3*z**3 - 6*z**2 + 1/6*z**4. Let p be (-4)/(-2)*(-6)/4. Give q(p).
-1
Let t(z) be the third derivative of -z**4/6 - 7*z**3/6 - 80734*z**2. Suppose -5*c - 36 = -1. Calculate t(c).
21
Suppose -38 + 2 = -2*y. Let m = y + -18. Let b(t) = -4 - 2*t + m + 1 + 0*t. What is b(-3)?
3
Let u(j) = 31*j**2 + 11*j - 3. Let l(a) = -6*a**2 - a + 1. Let m(c) = -5*l(c) - u(c). Give m(-2).
6
Let n(k) = -8*k - 22 - 6*k - k**2 - 24. Let y = 3011 - 3021. Let u be n(y). Let g(m) = m**2 + 7*m + 3. What is g(u)?
-3
Suppose 11*v - 2 = 64. Suppose 16*o - 17*o - v = 0. Let z(i) = 3 - 2 + 7*i**2 + 6*i + 1 + i**3. What is z(o)?
2
Let v(x) = 3*x**3 - 2*x**2 + x. Let j(q) be the second derivative of -q**4/12 + 4*q**3/3 - 3*q**2 + 3*q - 5. Let t be j(7). What is v(t)?
2
Let r(b) = -b**2 + 6*b - 1. Suppose -m = -2 - 1. Let z(q) = 4*q**2 - 2*q**2 + 8*q - q**2 + 6 - m*q**2. Let j be z(4). What is r(j)?
-1
Let l(z) = 113*z**2 + 124*z - 450. Let o(x) = -132*x**2 - 129*x + 451. Let u(v) = -7*l(v) - 6*o(v). What is u(5)?
-1
Let s(y) be the first derivative of -5/2*y**2 + 110 + 8*y. Determine s(4).
-12
Let q(g) = -g**3 - 9*g**2 + 9*g + 81. Let b(a) = a**2 - 669*a - 4741. Let s be b(-7). What is q(s)?
0
Let z(w) = -w - 8. Let p(l) = 6*l + 9. Let o(j) = -p(j) - 2*z(j). Let k(d) = -3 - 2 - 3 + 5*d. Let c(g) = -5*k(g) - 6*o(g). Determine c(-7).
5
Let w = -17 + 6. Let a(f) = -f**3 + 34*f**2 - f + 24*f**2 - 70*f**2 - 10*f - 3. Give a(w).
-3
Let j(p) = -p**2 + 11022670 - 16*p + p - p**3 - 11022673. Give j(0).
-3
Let b(j) = -j. Let q(l) = 7*l. Suppose -5 = -5*o - 0. Let f(x) = o*q(x) + 6*b(x). Suppose w + 5 = p, -3*p - p + 20 = 5*w. Give f(w).
0
Suppose -3*z + 12 = -5*s + 28, -2*z = 3*s - 2. Let x(v) = -3 - s*v + 2*v - v**2 + 5*v - 3*v. Determine x(3).
-6
Let c(j) = -5*j**2 - j - 1. Suppose s = -4*i - 6, -5*s + 10 = -0*s. Determine c(i).
-19
Let q(r) = 2*r**3 + r**2 - 5*r - 4. Let f(s) = -s**3 + 4*s + 5. Let a(b) = 3*f(b) + 2*q(b). Determine a(-2).
3
Suppose -3*b = 23 - 80. Let s be (4/10)/(-1) + 4059/(-165). Let d = b + s. Let c(l) = l + 6. Give c(d).
0
Let y(g) = 5*g**2 + 6*g - 3. Let o(c) = 8*c**2 + 13*c - 10. Let b(z) = 3*o(z) - 5*y(z). Calculate b(9).
-15
Let m(w) be the first derivative of -w**4/4 + 4*w**3 - 3*w**2/2 + 38*w + 982. Determine m(12).
2
Let j(p) = -11*p**2 - 127*p + 112. Let a(g) = -5*g**2 - 64*g + 63. Let h(b) = 13*a(b) - 6*j(b). Determine h(68).
11
Let k(w) = -w**2 - 9*w + 53. Suppose -336 = 38*z - 12 + 208. Determine k(z).
-17
Let o(b) = -9 + 23*b**2 - 3*b**3 - 42*b**2 + 16*b**2 - 13*b + 24 + 4*b**3. What is o(5)?
0
Let w(g) be the first derivative of -g**3/3 + 4*g**2 + 45*g + 8721. Give w(13).
-20
Let a = 11 + -3. Let h be 2/a - 29/4. Let f(i) be the third derivative of i**5/60 + 7*i**4/24 + 5*i**3/3 + 2308*i**2 + 1. Give f(h).
10
Let i(m) = -m**3 - 9*m**2 - 9*m - 11. Let n(y) = 337*y - 2705. Let l be n(8). What is i(l)?
70
Let z(r) = -50*r - 14. Let d(s) = s**2 - 42*s - 714. Let a be d(-13). Give z(a).
-64
Let g be (-4)/(-34) + 365*15/425. Let b(a) = 2*a**2 - 23*a - 20. Calculate b(g).
19
Let f(i) = -6*i + 20. Let u be f(5). Let j(x) = -3*x - 30. Let q be j(u). Let z be 22 - 16 - (q + 0). Let o(k) = -k**3 + 7*k**2 - 6*k - 8. Give o(z).
-8
Suppose -5 = j - 2*j. Let h(r) be the third derivative of -r**6/720 + r**5/30 + 13*r**4/6 - 45*r**2. Let d(a) be the second derivative of h(a). Calculate d(j).
-1
Let k(d) = -d**3 - 32*d**2 - 61*d - 29. Let m = 18214 - 18244. Determine k(m).
1
Let j(d) = d**2 - 2*d + 4. Let c(g) = -1646 + 23*g - 2*g**2 + 1519 + g**2. Let q be c(13). Calculate j(q).
7
Let x(o) = -3*o**3 + 2*o + 1. Suppose 3*d - 20 - 21 = -5*t, 2*t - 3*d - 8 = 0. Suppose -4*l = 11 - t. Give x(l).
2
Suppose l - 3*s = 44, -2*l - 2*s - s = -61. Let x be 6/(7/(l/15)). Let y(d) = 9*d - 9*d**x + 6 - 6*d + d**3 + 2*d**2. Give y(6).
-12
Let m(t) be the first derivative of -t**4/4 - 4*t**3 + 6*t**2 + 20*t + 20. Determine m(-13).
33
Let n(w) = -w**3 + 12*w**2 + 13*w + 8. Suppose 24*u - 79 - 17 = 0. Suppose 0 = -6*i + 4*i + 4*x + 18, -3*x - 46 = -u*i. Give n(i).
8
Let s(n) be the second derivative of n**4/12 - 2*n**3/3 + n. Let d = 51581 - 51576. Give s(d).
5
Let q(i) = -i**3 - 7*i**2 - 5*i + 3. Suppose -3*s - 256 = 4*d, 63 = 5*d - 2*s + 383. Let k be (63 + d)*3*(-4)/(-3). Determine q(k).
-25
Let k(g) be the second derivative of -g**4/12 - 3*g**3 - 37*g**2 - 5042*g. Determine k(-11).
3
Let z(m) be the first derivative of -7 - 6*m**2 + 12*m**2 - 7*m**2 + 2*m. Let r be (-6)/30 + (-369)/(-45). Give z(r).
-14
Let f(h) = 53 - 704*h + 5487*h**2 + 652*h - 5486*h**2